. Let v(m) = 2*m**3 + 3*m**2 - 2. Give v(f).
-6
Let k(i) be the first derivative of -i**3/6 - i + 2. Let n(p) be the first derivative of k(p). Let v be (-2 - -2 - -2) + 3. Give n(v).
-5
Let p(d) = -d**3 + 59*d - 130*d - 10*d**2 + 63*d + 10. Calculate p(-9).
1
Let x(c) = -21 - 6*c - 24 + 51 - c - c**2. Give x(-8).
-2
Let o(j) = -5125*j + 1 - 7 + 3 + 5126*j. Let w(z) = -z - 7. Let l be w(-7). Give o(l).
-3
Let t be ((-4)/(-8))/((-2)/(-8)). Let w(a) = -a**2 + 2*a + 3 - t*a + 4*a. Let i(s) = s + 16. Let l be i(-12). What is w(l)?
3
Let k(c) = -2*c**2 - 2 + 10*c - 1 - 14*c. Suppose 0 = 3*n - 2*n + 2, 2*d + 5*n = -14. Calculate k(d).
-3
Let b(k) = -8*k**2 + 6*k + k**3 + 2*k**2 - 4 - 3*k**2 + 2*k**2. Calculate b(6).
-4
Let h(l) = -l**3 + 8*l**2 - 8*l + 6. Let x = -95 - -102. Give h(x).
-1
Let o(p) = -6*p**3 + 3*p**2 + 4*p + 1. Let a(h) = 19*h**3 - 10*h**2 - 14*h - 4. Let n(b) = 2*a(b) + 7*o(b). Calculate n(-1).
4
Let s(m) be the first derivative of -2*m**3/3 + m**2/2 - 13. Determine s(-3).
-21
Let l(w) = 12 + 3*w + 4*w - 12. What is l(1)?
7
Let r(u) = u**3 - 6*u**2 + 6*u - 1. Let j = -10 + 15. Give r(j).
4
Let k be 3/6*14 - 2. Suppose -3*p = -h, -k*p + 16 + 4 = 0. Suppose -5*u - 7*a + 3*a + h = 0, -22 = -5*u + a. Let c(g) = 2*g. Calculate c(u).
8
Let m(k) = 5*k**2 + 4*k + 5. Let w = -4 + -5. Let f(u) = -11*u**2 - 9*u - 11. Let c(v) = w*m(v) - 4*f(v). Suppose q = 5*q. Determine c(q).
-1
Let a(o) = -o**2 + 6*o - 5. Let d(j) = -j**2 + 6*j - 5. Let c(z) = 5*a(z) - 6*d(z). What is c(4)?
-3
Let u(z) be the second derivative of -z**4/12 - 7*z**3/6 - 5*z**2/2 + 17*z. Give u(-5).
5
Let y = -14 - -14. Suppose 0*a = 4*i + 2*a + 6, -5*i - 3*a - 5 = y. Let v(r) = -r**3 - 4*r**2 + 1. What is v(i)?
1
Let d(g) = g - 2. Let t be d(2). Suppose 2*l - 2*q - 6 = 8, -33 = -5*l + 4*q. Let u(m) = 1 + m**3 + t - m**2 + 2*m**3 + l*m**3. Calculate u(1).
8
Let f be 100/16 + (-2)/8. Let u(s) = -s**2 + 8*s - 9. Calculate u(f).
3
Let u(k) = -8*k. Let x be -3*((-7)/(-3) + -2). Determine u(x).
8
Suppose -4*d + 20 = -8*d. Let m(j) = j - 5. Let c(i) = -2*i + 11. Let x(b) = 6*c(b) + 13*m(b). Give x(d).
-4
Let t(p) be the third derivative of -p**5/60 + p**4/6 + p**3/6 + p**2. Let x(f) = f + 5. Let q be x(0). Determine t(q).
-4
Let g(a) = 492*a**2 - 4 + 3*a**3 - 2*a - 496*a**2 - 2*a**3. Let f(d) = d**3 - d**2 + 1. Let m be f(2). Calculate g(m).
11
Suppose 4*b + 7 = -17. Let c(o) = -o - 3. Give c(b).
3
Let p(z) be the third derivative of -z**5/120 - z**4/24 + z**3/3 + 4*z**2. Let k(h) be the first derivative of p(h). Determine k(-1).
0
Let o(t) = 3*t + 1. Suppose 3 - 8 = 5*z. Calculate o(z).
-2
Suppose 3*u - d - 14 = 18, -u = -2*d - 4. Suppose b + 3*v = -2*v - 13, 0 = 3*b - 2*v - u. Let i(z) = -z**2 + 2. Determine i(b).
-2
Let g(r) be the second derivative of -r**5/120 + 7*r**4/24 + r**3/6 + r. Let i(k) be the second derivative of g(k). Let m = -12 - -17. Determine i(m).
2
Let k(c) = 2*c**3 + 12*c**2 - 5*c + 6. Let i(u) = -u**3 - 6*u**2 + 3*u - 3. Let q(h) = 11*i(h) + 6*k(h). Determine q(-5).
13
Let o(g) = g + 5. Let c be o(-4). Let l(x) = -11*x - c + 4*x**2 - 2*x**3 + x**3 + 13*x. Calculate l(4).
7
Let p(b) be the second derivative of b**7/2520 + b**6/720 - b**5/60 - b**4/12 + b. Let u(f) be the third derivative of p(f). What is u(-2)?
0
Let t(r) = 5*r**3 + 5*r**2 - 3*r - 12. Let z(m) = -2*m**3 - 2*m**2 + m + 4. Let o(q) = 8*q. Let h be o(-1). Let k(s) = h*z(s) - 3*t(s). Calculate k(0).
4
Let k(q) be the third derivative of -q**6/120 - q**5/30 - q**4/12 + q**3/3 + 36*q**2. Determine k(-2).
6
Let r(d) = -4*d**2 - 3*d - 3. Suppose -3*w + 0*m - 9 = 3*m, -4*w + 4*m = 4. Give r(w).
-13
Let i(o) be the first derivative of -3*o**4/4 - o**3/3 + o**2 - o + 4. Determine i(1).
-3
Let z(f) be the third derivative of f**4/24 + f**3 - 52*f**2. What is z(-6)?
0
Let s(v) = v**3 + 4*v**2 + v + 1. Suppose 5*b - 1 = 24. Let i be -4*1*(7 - 8). Let m be (1 + b)*(-2)/i. Calculate s(m).
7
Let c(z) = -z - 7. Let d(p) = 9. Let x(y) = -5*c(y) - 4*d(y). Suppose 8 = 4*m - 0. Determine x(m).
9
Let l = -5 - -6. Let i = l - -2. Let t(u) = -3*u. What is t(i)?
-9
Let l(p) be the first derivative of -p**4/4 - 2*p**3 - p**2/2 - 29. Give l(-6).
6
Let k(o) = -1 + 0 + 2*o + 5 + 2*o. Let l be -1 + -2 + 0 - 0. What is k(l)?
-8
Suppose d - 2*d + 5 = 0. Suppose -d*n + 4*n = 0. Let c(p) = -2*p**2 - 1 - 3*p**2 + p + 4*p**2. Give c(n).
-1
Let h be (1 - 1)*(-4)/(-16). Let m(q) be the first derivative of h*q + 0*q**3 - 1/2*q**2 - 3 - 5/4*q**4. What is m(1)?
-6
Let i be (-4)/10 + (-7)/(-5). Let k(d) = 3 - i + 1 + 0 - d. Calculate k(2).
1
Suppose -6*u = -7*u - 2. Let k(j) = j**3 + j**2 - j. What is k(u)?
-2
Let z(p) = -2*p**2 - 3*p - 6. Let s(h) = -h**2 - h - 3. Let b(m) = 7*s(m) - 3*z(m). Let f be 9/(-6) - (-9)/2. Determine b(f).
-6
Let x(h) = 3*h - 8. Let q(b) = -b + 1. Let s(c) = -q(c) - x(c). Give s(5).
-3
Let k(n) = -n + 1. Let h(i) = i**2 - 10*i + 8. Let z(s) = h(s) - 3*k(s). Suppose 3*b = -b - 32. Let g be b/12 + 14/3. What is z(g)?
-7
Suppose 2*l + 4*y = -18, 0*l - 2*y - 18 = 4*l. Let p(v) = -v**3 - 3*v**2 - 4*v - 3. What is p(l)?
9
Let a(c) = -2 + 4*c + 4*c - 4*c**2 - 2 + 3*c**2. Let i be a(7). Let g(d) = -4*d + 4. Give g(i).
-8
Let f be 4 + -4 + (4 - 2). Let n(p) = -10*p - f + 8*p + 3*p. What is n(-4)?
-6
Let c be 2/(-4) + 7/(-2). Let h be (-8)/(-6) + 10/15. Let b(k) = -6 + 5*k**h - 5*k + 1 + k**3 + 4*k + 3*k. What is b(c)?
3
Let d(o) = o**2 - 6*o + 1. Let n(x) = -2*x**2 - 2*x. Let m be n(2). Let g = -20 + 37. Let l = g + m. What is d(l)?
-4
Suppose -294*d + 289*d = 0. Let w(j) = -j - j**2 - 5 + j**2 - j**2. Give w(d).
-5
Suppose -m + w + 3*w = 7, -2*w = -2*m - 2. Suppose 0 = 4*r - 3*z, 0 = -r - 3*z - m + 16. Let s(p) = p**2 - 3*p + 2. Give s(r).
2
Let l = -5 - -3. Let x(h) = -2*h + 16 + 2*h**3 + 11 - 30. Calculate x(l).
-15
Let h(c) = -16*c - 7*c + 21*c + 1 - 6. Determine h(-4).
3
Let w(r) = -r**3 + r**2 + 3. Suppose 0 = -4*q + 11 + 5. Suppose 3*v = q*v. Suppose v = 4*o + o. Determine w(o).
3
Let w(q) = q**3 + 3*q**2 + q + 2. Let u(a) = 2*a**2 + 1. Let r(m) = 3*u(m) - 2*w(m). Give r(-1).
3
Let b(q) = -q**3 - 8*q**2 + 2*q + 2. Let k(r) = -r**3 - 9*r**2 + r + 2. Let g(l) = -5*b(l) + 4*k(l). Determine g(-5).
3
Let s(t) = t + 1. Let v(y) = -y**2 + 3*y + 5. Let l(g) = -2*s(g) - v(g). Suppose -9 = -5*r + 3*p + 31, 3*p - 5 = -4*r. Calculate l(r).
-7
Suppose -22*n = -10*n - 12. Let p(c) = 33*c**3 + c**2 - c. Calculate p(n).
33
Let l(a) be the first derivative of -a**2/2 - 8*a - 26. Determine l(-8).
0
Let f(o) = -3*o**3 - 3 + 2 - o**2 + 2*o**3. Let b be (1/(-6) - (-20)/30)*-4. What is f(b)?
3
Let q(v) = -3*v + 7. Let j(w) = -8*w + 21. Let a(l) = -4*j(l) + 11*q(l). Let m(k) = -k**3 - 4*k**2 - 4*k. Let n be m(-3). Let c = -8 + n. What is a(c)?
-2
Suppose -3 = -3*j - 5*l, 4*j + l = 2*l + 4. Let r(q) = q**2 + j + 0 + q + 9*q**2. Give r(-1).
10
Let w(a) = -a + 4 + 5*a + a**2 - 3. Calculate w(-6).
13
Let z(j) = 7*j**2 + 6 + 3*j - 2*j - 8*j**2 + 4*j. Calculate z(6).
0
Let g(l) = 5*l**3 + l**2 - 2*l + 1. Let x(u) = u**3 + 6*u**2 + 5*u + 4. Let o be x(-4). Suppose 7*k = 3*k + o. Let v = k - 3. Give g(v).
5
Let b(v) be the third derivative of v**6/120 + v**5/30 - v**4/24 + v**3/6 - 11*v**2. Give b(-2).
3
Let j(g) = g**3 - 1. Suppose 11 = 3*d + m + 3, -2*m + 12 = 2*d. Let n(i) = -7*i**3 + 3*i**2 + 2*i + 9. Let t(q) = d*n(q) + 6*j(q). Give t(4).
-5
Let p = 1 - 4. Let o(d) = -d**2 + 3*d - 4. Let s(y) be the third derivative of y**5/20 - y**4/3 + 11*y**3/6 + 2*y**2. Let g(j) = 17*o(j) + 6*s(j). Give g(p).
-2
Let g(m) = m + 1. Let n(q) = q**3 + 11*q**2 - 11*q + 15. Let s be n(-12). Suppose -2*p + 7 = -s. What is g(p)?
6
Let f(h) = h**3 - h - 1. Let j(w) = -4*w**3 - 6*w**2 - 2*w + 3. Let x(k) = 5*f(k) + j(k). Let g = -16 - -23. What is x(g)?
-2
Suppose 22 = -5*i + 2. Let u(c) = -c**2 - 2*c + 5. Let x(f) = 4*f**2 + 7*f - 22. Let z(k) = -9*u(k) - 2*x(k). Calculate z(i).
-1
Let u(k) be the first derivative of -k**4/4 + k**3 + k**2 - 3*k + 11. Give u(4).
-11
Let v(r) = r**3 + r**2 + 2*r + 1. Suppose -3*l = 2*i - 6 + 4, 5*i - 10 = -5*l. Let c be l/4*4/2. Calculate v(c).
-1
Let g be 2/(6/9) + -10. Let c(s) = s**2 + 6*s - 8. Determine c(g).
-1
Let z be 0/(-6)*((-6)/4)/(-3). Let m(n) = 2*n**3 - n**2 - 3*n + 2. Let q be m(2). Let d(j) = 1 + z - 2*j - q*